{"id":25520,"date":"2022-12-30T10:50:45","date_gmt":"2022-12-30T10:50:45","guid":{"rendered":"https:\/\/immosaratenerife.com\/?post_type=property&#038;p=25520"},"modified":"2023-12-14T14:00:21","modified_gmt":"2023-12-14T14:00:21","slug":"roque-del-conde-tv43082","status":"publish","type":"property","link":"https:\/\/immosaratenerife.com\/nl\/property\/roque-del-conde-tv43082\/","title":{"rendered":"Roque del Conde | TV43082"},"content":{"rendered":"<div class=\"pdfprnt-buttons pdfprnt-buttons-property pdfprnt-top-right\"><a href=\"https:\/\/immosaratenerife.com\/nl\/wp-json\/wp\/v2\/property\/25520?print=pdf\" class=\"pdfprnt-button pdfprnt-button-pdf\" target=\"_blank\"><\/a><a href=\"https:\/\/immosaratenerife.com\/nl\/wp-json\/wp\/v2\/property\/25520?print=print\" class=\"pdfprnt-button pdfprnt-button-print\" target=\"_blank\"><img decoding=\"async\" src=\"https:\/\/immosaratenerife.com\/wp-content\/plugins\/pdf-print-pro\/images\/print.png?1374794034\" alt=\"image_print\" title=\"Print Content\" \/><\/a><\/div>\n<p>Ruime Villa met veel licht-inval en met een prachtig zeezicht!<br>De villa is gebouwd op een terrein van +\/- 670m2.<br>Er zijn +\/- 263m2 bebouwd, waarvan +\/- 186m2 woon-oppervlakte.<br>De villa is gebouwd met materiaal van kwaliteit en ze is verdeeld over 3 verdiepingen: <br>Op de gelijkvloers is er een ruime living en een apparte grote eet-ruimte, beide met veel licht-inval<br>en vanuit de woonkamer is er zeezicht.<br>Er is een ruime gesloten, volledig uitgeruste keuken en een gasten-toilet.<br>En er is toegang tot het terras met was-ruimte, extra badkamer met douche, barbeque-zone<br>en een verwarmd priv\u00e9 zwembad.<br>Op de boven verdieping zijn er 4 slaapkamers en 2 badkamers.<br>De hoofd slaapkamer heeft een vestiaire, een en-suite badkamer met bad<br>en er is een priv\u00e9 terras met zeezicht.<br>De overige slaapkamers delen \u00e9\u00e9n onafhankelijke badkamer met douche.<br>Alle slaapkamers hebben ingebouwde kasten en electrische rolluiken.<br>En op de laagste verdieping is er een zeer grote gesloten garage.<br>De villa wordt gemeubeld verkocht. En in alle ruimtes is er air-conditioning. <br>Alle schuifdeuren zijn van beveiligd glas. <br>En er is een zonne-panneel voor de verwarming van het water.<br>De woning ligt in de rustige zone van Roque del Conde, op 5 minuten rijden van Costa Adeje, <br>met winkels, restaurants, bars, het strand en de zee.<\/p>\n\n\n\n<p><br><\/p>\n","protected":false},"author":47309588,"featured_media":73690,"comment_status":"closed","ping_status":"closed","template":"","format":"standard","meta":{"_acf_changed":false,"advanced_seo_description":"Te Koop: Ruime Villa met veel licht inval en met een prachtig zeezicht! Gelegen in de rustige zone van Roque del Conde, op 5 minuten rijden van Costa Adeje. ImmoSaraTenerife.Com","jetpack_seo_html_title":"Te Koop: Ruime Villa met veel licht inval en met een prachtig zeezicht! Gelegen in de rustige zone van Roque del Conde, op 5 minuten rijden van Costa Adeje. ImmoSaraTenerife.Com","jetpack_seo_noindex":false},"property-category":[1621],"property_tag":[],"property-complex":[],"property-municipalities":[1818,1854],"class_list":["post-25520","property","type-property","status-publish","format-standard","has-post-thumbnail","hentry","property-category-villa-nl","property-municipalities-adeje","property-municipalities-roque-del-conde"],"acf":[],"jetpack_likes_enabled":false,"jetpack_sharing_enabled":false,"_links":{"self":[{"href":"https:\/\/immosaratenerife.com\/nl\/wp-json\/wp\/v2\/property\/25520","targetHints":{"allow":["GET"]}}],"collection":[{"href":"https:\/\/immosaratenerife.com\/nl\/wp-json\/wp\/v2\/property"}],"about":[{"href":"https:\/\/immosaratenerife.com\/nl\/wp-json\/wp\/v2\/types\/property"}],"author":[{"embeddable":true,"href":"https:\/\/immosaratenerife.com\/nl\/wp-json\/wp\/v2\/users\/47309588"}],"replies":[{"embeddable":true,"href":"https:\/\/immosaratenerife.com\/nl\/wp-json\/wp\/v2\/comments?post=25520"}],"version-history":[{"count":3,"href":"https:\/\/immosaratenerife.com\/nl\/wp-json\/wp\/v2\/property\/25520\/revisions"}],"predecessor-version":[{"id":25523,"href":"https:\/\/immosaratenerife.com\/nl\/wp-json\/wp\/v2\/property\/25520\/revisions\/25523"}],"wp:featuredmedia":[{"embeddable":true,"href":"https:\/\/immosaratenerife.com\/nl\/wp-json\/wp\/v2\/media\/73690"}],"wp:attachment":[{"href":"https:\/\/immosaratenerife.com\/nl\/wp-json\/wp\/v2\/media?parent=25520"}],"wp:term":[{"taxonomy":"property-category","embeddable":true,"href":"https:\/\/immosaratenerife.com\/nl\/wp-json\/wp\/v2\/property-category?post=25520"},{"taxonomy":"property_tag","embeddable":true,"href":"https:\/\/immosaratenerife.com\/nl\/wp-json\/wp\/v2\/property_tag?post=25520"},{"taxonomy":"property-complex","embeddable":true,"href":"https:\/\/immosaratenerife.com\/nl\/wp-json\/wp\/v2\/property-complex?post=25520"},{"taxonomy":"property-municipalities","embeddable":true,"href":"https:\/\/immosaratenerife.com\/nl\/wp-json\/wp\/v2\/property-municipalities?post=25520"}],"curies":[{"name":"wp","href":"https:\/\/api.w.org\/{rel}","templated":true}]}}

<div class="pdfprnt-buttons pdfprnt-buttons-property pdfprnt-top-right"><a href="https://immosaratenerife.com/nl/wp-json/wp/v2/property/25520?print=pdf" class="pdfprnt-button pdfprnt-button-pdf" target="_blank"></a><a href="https://immosaratenerife.com/nl/wp-json/wp/v2/property/25520?print=print" class="pdfprnt-button pdfprnt-button-print" target="_blank"><img decoding="async" src="https://immosaratenerife.com/wp-content/plugins/pdf-print-pro/images/print.png?1374794034" alt="image_print" title="Print Content" /></a></div>
<p>Ruime Villa met veel licht-inval en met een prachtig zeezicht!<br>De villa is gebouwd op een terrein van +/- 670m2.<br>Er zijn +/- 263m2 bebouwd, waarvan +/- 186m2 woon-oppervlakte.<br>De villa is gebouwd met materiaal van kwaliteit en ze is verdeeld over 3 verdiepingen: <br>Op de gelijkvloers is er een ruime living en een apparte grote eet-ruimte, beide met veel licht-inval<br>en vanuit de woonkamer is er zeezicht.<br>Er is een ruime gesloten, volledig uitgeruste keuken en een gasten-toilet.<br>En er is toegang tot het terras met was-ruimte, extra badkamer met douche, barbeque-zone<br>en een verwarmd privé zwembad.<br>Op de boven verdieping zijn er 4 slaapkamers en 2 badkamers.<br>De hoofd slaapkamer heeft een vestiaire, een en-suite badkamer met bad<br>en er is een privé terras met zeezicht.<br>De overige slaapkamers delen één onafhankelijke badkamer met douche.<br>Alle slaapkamers hebben ingebouwde kasten en electrische rolluiken.<br>En op de laagste verdieping is er een zeer grote gesloten garage.<br>De villa wordt gemeubeld verkocht. En in alle ruimtes is er air-conditioning. <br>Alle schuifdeuren zijn van beveiligd glas. <br>En er is een zonne-panneel voor de verwarming van het water.<br>De woning ligt in de rustige zone van Roque del Conde, op 5 minuten rijden van Costa Adeje, <br>met winkels, restaurants, bars, het strand en de zee.</p>



<p><br></p>
