{"id":9859,"date":"2021-02-15T08:54:44","date_gmt":"2021-02-15T08:54:44","guid":{"rendered":"https:\/\/immosaratenerife.com\/property\/villamar-ms01029\/"},"modified":"2022-09-20T12:43:55","modified_gmt":"2022-09-20T11:43:55","slug":"villamar-ms01029","status":"publish","type":"property","link":"https:\/\/immosaratenerife.com\/fr\/property\/villamar-ms01029\/","title":{"rendered":"Villamar | MS01029"},"content":{"rendered":"<div class=\"pdfprnt-buttons pdfprnt-buttons-property pdfprnt-top-right\"><a href=\"https:\/\/immosaratenerife.com\/fr\/wp-json\/wp\/v2\/property\/9859?print=pdf\" class=\"pdfprnt-button pdfprnt-button-pdf\" target=\"_blank\"><\/a><a href=\"https:\/\/immosaratenerife.com\/fr\/wp-json\/wp\/v2\/property\/9859?print=print\" class=\"pdfprnt-button pdfprnt-button-print\" target=\"_blank\"><img decoding=\"async\" src=\"https:\/\/immosaratenerife.com\/wp-content\/plugins\/pdf-print-pro\/images\/print.png?1374794034\" alt=\"image_print\" title=\"Contenu imprim\u00e9\" \/><\/a><\/div>\n<p>Studio avec vue mer! <br>Surface int\u00e9rieure +\/- 47m2 et une terrasse de +\/- 6m2. <br>Il y a une petite cuisine et la salle de bain a une douche. <br>Il y a une belle vue sur la mer et la piscine du complexe. <br>Le complexe est situ\u00e9 en premi\u00e8re ligne et \u00e0 distance \u00e0 pieds des restaurants, caf\u00e9s, boutiques, <br>et de la promenade et de la mer.<\/p>\n","protected":false},"author":47309588,"featured_media":9798,"comment_status":"closed","ping_status":"closed","template":"","format":"standard","meta":{"_acf_changed":false,"advanced_seo_description":"\u00c0 vendre: Studio avec vue sur la mer dans un complexe en premi\u00e8re ligne, San Eugenio Bajo, Adeje, Tenerife.","jetpack_seo_html_title":"","jetpack_seo_noindex":false},"property-category":[1652],"property_tag":[],"property-complex":[1690],"property-municipalities":[1818,1823],"class_list":["post-9859","property","type-property","status-publish","format-standard","has-post-thumbnail","hentry","property-category-studio-fr","property-complex-villamar-fr","property-municipalities-adeje","property-municipalities-san-eugenio-bajo"],"acf":[],"jetpack_likes_enabled":false,"jetpack_sharing_enabled":false,"_links":{"self":[{"href":"https:\/\/immosaratenerife.com\/fr\/wp-json\/wp\/v2\/property\/9859","targetHints":{"allow":["GET"]}}],"collection":[{"href":"https:\/\/immosaratenerife.com\/fr\/wp-json\/wp\/v2\/property"}],"about":[{"href":"https:\/\/immosaratenerife.com\/fr\/wp-json\/wp\/v2\/types\/property"}],"author":[{"embeddable":true,"href":"https:\/\/immosaratenerife.com\/fr\/wp-json\/wp\/v2\/users\/47309588"}],"replies":[{"embeddable":true,"href":"https:\/\/immosaratenerife.com\/fr\/wp-json\/wp\/v2\/comments?post=9859"}],"version-history":[{"count":0,"href":"https:\/\/immosaratenerife.com\/fr\/wp-json\/wp\/v2\/property\/9859\/revisions"}],"wp:featuredmedia":[{"embeddable":true,"href":"https:\/\/immosaratenerife.com\/fr\/wp-json\/wp\/v2\/media\/9798"}],"wp:attachment":[{"href":"https:\/\/immosaratenerife.com\/fr\/wp-json\/wp\/v2\/media?parent=9859"}],"wp:term":[{"taxonomy":"property-category","embeddable":true,"href":"https:\/\/immosaratenerife.com\/fr\/wp-json\/wp\/v2\/property-category?post=9859"},{"taxonomy":"property_tag","embeddable":true,"href":"https:\/\/immosaratenerife.com\/fr\/wp-json\/wp\/v2\/property_tag?post=9859"},{"taxonomy":"property-complex","embeddable":true,"href":"https:\/\/immosaratenerife.com\/fr\/wp-json\/wp\/v2\/property-complex?post=9859"},{"taxonomy":"property-municipalities","embeddable":true,"href":"https:\/\/immosaratenerife.com\/fr\/wp-json\/wp\/v2\/property-municipalities?post=9859"}],"curies":[{"name":"wp","href":"https:\/\/api.w.org\/{rel}","templated":true}]}}

<div class="pdfprnt-buttons pdfprnt-buttons-property pdfprnt-top-right"><a href="https://immosaratenerife.com/fr/wp-json/wp/v2/property/9859?print=pdf" class="pdfprnt-button pdfprnt-button-pdf" target="_blank"></a><a href="https://immosaratenerife.com/fr/wp-json/wp/v2/property/9859?print=print" class="pdfprnt-button pdfprnt-button-print" target="_blank"><img decoding="async" src="https://immosaratenerife.com/wp-content/plugins/pdf-print-pro/images/print.png?1374794034" alt="image_print" title="Contenu imprimé" /></a></div>
<p>Studio avec vue mer! <br>Surface intérieure +/- 47m2 et une terrasse de +/- 6m2. <br>Il y a une petite cuisine et la salle de bain a une douche. <br>Il y a une belle vue sur la mer et la piscine du complexe. <br>Le complexe est situé en première ligne et à distance à pieds des restaurants, cafés, boutiques, <br>et de la promenade et de la mer.</p>

À vendre: Studio avec vue sur la mer dans un complexe en première ligne, San Eugenio Bajo, Adeje, Tenerife.
