{"id":90217,"date":"2024-05-05T17:05:14","date_gmt":"2024-05-05T16:05:14","guid":{"rendered":"https:\/\/immosaratenerife.com\/?post_type=property&#038;p=90217"},"modified":"2024-07-18T15:27:20","modified_gmt":"2024-07-18T14:27:20","slug":"la-baraca-tp11141","status":"publish","type":"property","link":"https:\/\/immosaratenerife.com\/fr\/property\/la-baraca-tp11141\/","title":{"rendered":"La Baraca | TP11141"},"content":{"rendered":"<div class=\"pdfprnt-buttons pdfprnt-buttons-property pdfprnt-top-right\"><a href=\"https:\/\/immosaratenerife.com\/fr\/wp-json\/wp\/v2\/property\/90217?print=pdf\" class=\"pdfprnt-button pdfprnt-button-pdf\" target=\"_blank\"><\/a><a href=\"https:\/\/immosaratenerife.com\/fr\/wp-json\/wp\/v2\/property\/90217?print=print\" class=\"pdfprnt-button pdfprnt-button-print\" target=\"_blank\"><img decoding=\"async\" src=\"https:\/\/immosaratenerife.com\/wp-content\/plugins\/pdf-print-pro\/images\/print.png?1374794034\" alt=\"image_print\" title=\"Contenu imprim\u00e9\" \/><\/a><\/div>\n<p>Appartement avec terrasse sur le toit, situ\u00e9 au dernier \u00e9tage d&rsquo;un petit complexe de faible hauteur.<br>Cet appartement a une surface int\u00e9rieure de +\/- 42m2 et dispose d&rsquo;une chambre \u00e0 coucher <br>et d&rsquo;une salle de bain avec douche. <br>Il y a un salon avec une cuisine ouverte \u00e9quip\u00e9e.<br>Le salon s&rsquo;ouvre sur une terrasse de +\/- 7m2 avec vue sur le Teide et soleil l&rsquo;apr\u00e8s-midi, <br>et il y a un escalier qui m\u00e8ne \u00e0 la terrasse du toit de +\/- 21m2 et avec du soleil toute la journ\u00e9e.<br>Cet appartement est vendu meubl\u00e9 et dispose d&rsquo;un parking ouvert dans le complexe.<br>Cet appartement se trouve dans un complexe avec un terrain de paddle et avec une piscine commune.<br>Il n&rsquo;y a pas d&rsquo;ascenseur dans ce complexe, mais il y a que deux \u00e9tages dans le complexe.<br>Ce complexe est situ\u00e9 \u00e0 Costa del Silencio, \u00e0 quelques pas de la mer et de la plage de galets, <br>et \u00e0 distance \u00e0 pieds de la promenade avec ses bars et ses restaurants. <br>Il se trouve \u00e9galement \u00e0 distance \u00e0 pieds de toutes les commodit\u00e9s telles que magasins, supermarch\u00e9s, boulangeries, etc.<\/p>\n","protected":false},"author":47309591,"featured_media":90297,"comment_status":"closed","ping_status":"closed","template":"","format":"standard","meta":{"_acf_changed":false,"advanced_seo_description":"En Vente : Appartement avec 1 chambre \u00e0 coucher et 1 salle de bain et avec une terrasse sur le toit, situ\u00e9 dans le complexe \u00ab La Baraca \u00bb \u00e0 Costa del Silencio. ImmoSaraTenerife.Com","jetpack_seo_html_title":"En Vente : Appartement avec 1 chambre \u00e0 coucher et 1 salle de bain et avec une terrasse sur le toit, situ\u00e9 dans le complexe \u00ab La Baraca \u00bb \u00e0 Costa del Silencio. ImmoSaraTenerife.Com","jetpack_seo_noindex":false},"property-category":[1640,1643,1628],"property_tag":[],"property-complex":[2053],"property-municipalities":[1819,1847],"class_list":["post-90217","property","type-property","status-publish","format-standard","has-post-thumbnail","hentry","property-category-appartement-fr","property-category-duplex-fr","property-category-penthouse-fr","property-complex-la-baraca-fr","property-municipalities-arona","property-municipalities-costa-del-silencio"],"acf":[],"jetpack_likes_enabled":false,"jetpack_sharing_enabled":false,"_links":{"self":[{"href":"https:\/\/immosaratenerife.com\/fr\/wp-json\/wp\/v2\/property\/90217","targetHints":{"allow":["GET"]}}],"collection":[{"href":"https:\/\/immosaratenerife.com\/fr\/wp-json\/wp\/v2\/property"}],"about":[{"href":"https:\/\/immosaratenerife.com\/fr\/wp-json\/wp\/v2\/types\/property"}],"author":[{"embeddable":true,"href":"https:\/\/immosaratenerife.com\/fr\/wp-json\/wp\/v2\/users\/47309591"}],"replies":[{"embeddable":true,"href":"https:\/\/immosaratenerife.com\/fr\/wp-json\/wp\/v2\/comments?post=90217"}],"version-history":[{"count":0,"href":"https:\/\/immosaratenerife.com\/fr\/wp-json\/wp\/v2\/property\/90217\/revisions"}],"wp:featuredmedia":[{"embeddable":true,"href":"https:\/\/immosaratenerife.com\/fr\/wp-json\/wp\/v2\/media\/90297"}],"wp:attachment":[{"href":"https:\/\/immosaratenerife.com\/fr\/wp-json\/wp\/v2\/media?parent=90217"}],"wp:term":[{"taxonomy":"property-category","embeddable":true,"href":"https:\/\/immosaratenerife.com\/fr\/wp-json\/wp\/v2\/property-category?post=90217"},{"taxonomy":"property_tag","embeddable":true,"href":"https:\/\/immosaratenerife.com\/fr\/wp-json\/wp\/v2\/property_tag?post=90217"},{"taxonomy":"property-complex","embeddable":true,"href":"https:\/\/immosaratenerife.com\/fr\/wp-json\/wp\/v2\/property-complex?post=90217"},{"taxonomy":"property-municipalities","embeddable":true,"href":"https:\/\/immosaratenerife.com\/fr\/wp-json\/wp\/v2\/property-municipalities?post=90217"}],"curies":[{"name":"wp","href":"https:\/\/api.w.org\/{rel}","templated":true}]}}

<div class="pdfprnt-buttons pdfprnt-buttons-property pdfprnt-top-right"><a href="https://immosaratenerife.com/fr/wp-json/wp/v2/property/90217?print=pdf" class="pdfprnt-button pdfprnt-button-pdf" target="_blank"></a><a href="https://immosaratenerife.com/fr/wp-json/wp/v2/property/90217?print=print" class="pdfprnt-button pdfprnt-button-print" target="_blank"><img decoding="async" src="https://immosaratenerife.com/wp-content/plugins/pdf-print-pro/images/print.png?1374794034" alt="image_print" title="Contenu imprimé" /></a></div>
<p>Appartement avec terrasse sur le toit, situé au dernier étage d&rsquo;un petit complexe de faible hauteur.<br>Cet appartement a une surface intérieure de +/- 42m2 et dispose d&rsquo;une chambre à coucher <br>et d&rsquo;une salle de bain avec douche. <br>Il y a un salon avec une cuisine ouverte équipée.<br>Le salon s&rsquo;ouvre sur une terrasse de +/- 7m2 avec vue sur le Teide et soleil l&rsquo;après-midi, <br>et il y a un escalier qui mène à la terrasse du toit de +/- 21m2 et avec du soleil toute la journée.<br>Cet appartement est vendu meublé et dispose d&rsquo;un parking ouvert dans le complexe.<br>Cet appartement se trouve dans un complexe avec un terrain de paddle et avec une piscine commune.<br>Il n&rsquo;y a pas d&rsquo;ascenseur dans ce complexe, mais il y a que deux étages dans le complexe.<br>Ce complexe est situé à Costa del Silencio, à quelques pas de la mer et de la plage de galets, <br>et à distance à pieds de la promenade avec ses bars et ses restaurants. <br>Il se trouve également à distance à pieds de toutes les commodités telles que magasins, supermarchés, boulangeries, etc.</p>

En Vente : Appartement avec 1 chambre à coucher et 1 salle de bain et avec une terrasse sur le toit, situé dans le complexe « La Baraca » à Costa del Silencio. ImmoSaraTenerife.Com
