{"id":74004,"date":"2023-03-14T22:42:09","date_gmt":"2023-03-14T22:42:09","guid":{"rendered":"https:\/\/immosaratenerife.com\/property\/la-finca-tp22115\/"},"modified":"2023-07-11T18:48:26","modified_gmt":"2023-07-11T17:48:26","slug":"la-finca-tp22115","status":"publish","type":"property","link":"https:\/\/immosaratenerife.com\/fr\/property\/la-finca-tp22115\/","title":{"rendered":"La Finca | TP22115"},"content":{"rendered":"<div class=\"pdfprnt-buttons pdfprnt-buttons-property pdfprnt-top-right\"><a href=\"https:\/\/immosaratenerife.com\/fr\/wp-json\/wp\/v2\/property\/74004?print=pdf\" class=\"pdfprnt-button pdfprnt-button-pdf\" target=\"_blank\"><\/a><a href=\"https:\/\/immosaratenerife.com\/fr\/wp-json\/wp\/v2\/property\/74004?print=print\" class=\"pdfprnt-button pdfprnt-button-print\" target=\"_blank\"><img decoding=\"async\" src=\"https:\/\/immosaratenerife.com\/wp-content\/plugins\/pdf-print-pro\/images\/print.png?1374794034\" alt=\"image_print\" title=\"Contenu imprim\u00e9\" \/><\/a><\/div>\n<p>Appartement bien entretenu de +\/- 63m2, situ\u00e9 au deuxi\u00e8me et aussi au dernier \u00e9tage du complexe. <br>Cet appartement a beaucoup de lumi\u00e8re.<br>Il y a 2 chambres \u00e0 coucher et de 2 salles de bains, et chaque chambre poss\u00e8de des fen\u00eatres.<br>Il y a une cuisine ouverte et une buanderie s\u00e9par\u00e9e.<br>Du s\u00e9jour on acc\u00e8de \u00e0 une terrasse de +\/- 12m2 avec une belle vue sur la piscine du complexe.<br>C&rsquo;est un complexe bien entretenu et calme.<br>L&rsquo; appartement est vendu meubl\u00e9.<br>Et il y a un garage ferm\u00e9 inclus dans le prix.<br>Ce complexe est situ\u00e9 \u00e0 Chayofa, \u00e0 5 minutes en voiture de Los Cristianos.<\/p>\n","protected":false},"author":47309588,"featured_media":73999,"comment_status":"closed","ping_status":"closed","template":"","format":"standard","meta":{"_acf_changed":false,"advanced_seo_description":"A vendre : Appartement au dernier \u00e9tage du complexe La Finca \u00e0 Chayofa. ImmoSaraTenerife.Com","jetpack_seo_html_title":"A vendre : Appartement au dernier \u00e9tage du complexe La Finca \u00e0 Chayofa. ImmoSaraTenerife.Com","jetpack_seo_noindex":false},"property-category":[1640,1628],"property_tag":[],"property-complex":[1993],"property-municipalities":[1819,1825],"class_list":["post-74004","property","type-property","status-publish","format-standard","has-post-thumbnail","hentry","property-category-appartement-fr","property-category-penthouse-fr","property-complex-la-finca-fr","property-municipalities-arona","property-municipalities-chayofa"],"acf":[],"jetpack_likes_enabled":false,"jetpack_sharing_enabled":false,"_links":{"self":[{"href":"https:\/\/immosaratenerife.com\/fr\/wp-json\/wp\/v2\/property\/74004","targetHints":{"allow":["GET"]}}],"collection":[{"href":"https:\/\/immosaratenerife.com\/fr\/wp-json\/wp\/v2\/property"}],"about":[{"href":"https:\/\/immosaratenerife.com\/fr\/wp-json\/wp\/v2\/types\/property"}],"author":[{"embeddable":true,"href":"https:\/\/immosaratenerife.com\/fr\/wp-json\/wp\/v2\/users\/47309588"}],"replies":[{"embeddable":true,"href":"https:\/\/immosaratenerife.com\/fr\/wp-json\/wp\/v2\/comments?post=74004"}],"version-history":[{"count":0,"href":"https:\/\/immosaratenerife.com\/fr\/wp-json\/wp\/v2\/property\/74004\/revisions"}],"wp:featuredmedia":[{"embeddable":true,"href":"https:\/\/immosaratenerife.com\/fr\/wp-json\/wp\/v2\/media\/73999"}],"wp:attachment":[{"href":"https:\/\/immosaratenerife.com\/fr\/wp-json\/wp\/v2\/media?parent=74004"}],"wp:term":[{"taxonomy":"property-category","embeddable":true,"href":"https:\/\/immosaratenerife.com\/fr\/wp-json\/wp\/v2\/property-category?post=74004"},{"taxonomy":"property_tag","embeddable":true,"href":"https:\/\/immosaratenerife.com\/fr\/wp-json\/wp\/v2\/property_tag?post=74004"},{"taxonomy":"property-complex","embeddable":true,"href":"https:\/\/immosaratenerife.com\/fr\/wp-json\/wp\/v2\/property-complex?post=74004"},{"taxonomy":"property-municipalities","embeddable":true,"href":"https:\/\/immosaratenerife.com\/fr\/wp-json\/wp\/v2\/property-municipalities?post=74004"}],"curies":[{"name":"wp","href":"https:\/\/api.w.org\/{rel}","templated":true}]}}

<div class="pdfprnt-buttons pdfprnt-buttons-property pdfprnt-top-right"><a href="https://immosaratenerife.com/fr/wp-json/wp/v2/property/74004?print=pdf" class="pdfprnt-button pdfprnt-button-pdf" target="_blank"></a><a href="https://immosaratenerife.com/fr/wp-json/wp/v2/property/74004?print=print" class="pdfprnt-button pdfprnt-button-print" target="_blank"><img decoding="async" src="https://immosaratenerife.com/wp-content/plugins/pdf-print-pro/images/print.png?1374794034" alt="image_print" title="Contenu imprimé" /></a></div>
<p>Appartement bien entretenu de +/- 63m2, situé au deuxième et aussi au dernier étage du complexe. <br>Cet appartement a beaucoup de lumière.<br>Il y a 2 chambres à coucher et de 2 salles de bains, et chaque chambre possède des fenêtres.<br>Il y a une cuisine ouverte et une buanderie séparée.<br>Du séjour on accède à une terrasse de +/- 12m2 avec une belle vue sur la piscine du complexe.<br>C&rsquo;est un complexe bien entretenu et calme.<br>L&rsquo; appartement est vendu meublé.<br>Et il y a un garage fermé inclus dans le prix.<br>Ce complexe est situé à Chayofa, à 5 minutes en voiture de Los Cristianos.</p>

A vendre : Appartement au dernier étage du complexe La Finca à Chayofa. ImmoSaraTenerife.Com
