{"id":25272,"date":"2021-10-13T22:02:12","date_gmt":"2021-10-13T21:02:12","guid":{"rendered":"https:\/\/immosaratenerife.com\/?post_type=property&#038;p=25272"},"modified":"2022-06-16T10:59:58","modified_gmt":"2022-06-16T09:59:58","slug":"bahia-de-los-menceyes-ta22077","status":"publish","type":"property","link":"https:\/\/immosaratenerife.com\/fr\/property\/bahia-de-los-menceyes-ta22077\/","title":{"rendered":"Bah\u00eda de Los Menceyes | TA22077"},"content":{"rendered":"<div class=\"pdfprnt-buttons pdfprnt-buttons-property pdfprnt-top-right\"><a href=\"https:\/\/immosaratenerife.com\/fr\/wp-json\/wp\/v2\/property\/25272?print=pdf\" class=\"pdfprnt-button pdfprnt-button-pdf\" target=\"_blank\"><\/a><a href=\"https:\/\/immosaratenerife.com\/fr\/wp-json\/wp\/v2\/property\/25272?print=print\" class=\"pdfprnt-button pdfprnt-button-print\" target=\"_blank\"><img decoding=\"async\" src=\"https:\/\/immosaratenerife.com\/wp-content\/plugins\/pdf-print-pro\/images\/print.png?1374794034\" alt=\"image_print\" title=\"Contenu imprim\u00e9\" \/><\/a><\/div>\n<p>Appartement d&rsquo;angle au rez-de-chauss\u00e9e. <br>Cet appartement a +\/- 103m2 d&rsquo;espace int\u00e9rieur. <br>Il y a 2 chambres \u00e0 coucher, 2 salles de bains en-suite et une toilette pour les invit\u00e9s. <br>Il y a une salle de bain avec baignoire et douche et une salle de bain avec seulement une douche. <br>Il y a une cuisine ouverte avec acc\u00e8s direct \u00e0 la terrasse. <br>Les chambres ont des armoires encastr\u00e9es. <br>Et depuis chaque chambre et depuis le salon il y a un acc\u00e8s direct \u00e0 la terrasse. <br>L&rsquo;espace ext\u00e9rieur est de +\/- 63m2 et il y a une vue sur le jardin et aussi un peu sur la mer. <br>Il y a du soleil de midi \u00e0 tard le soir. <br>L&rsquo;appartement est situ\u00e9 dans un complexe de luxe bien entretenu, avec de beaux jardins et deux piscines, dont une chauff\u00e9e. <br>L&rsquo;appartement est vendu meubl\u00e9. <br>Et avec une place de garage et un d\u00e9barras dans le garage ferm\u00e9 du complexe. <br>Le complexe est situ\u00e9 dans l&rsquo;agr\u00e9able village de Palm Mar, \u00e0 quelques pas de la mer, des commerces, <br>du coiffeur, de la pharmacie, des restaurants, des bars, etc.<\/p>\n","protected":false},"author":47309588,"featured_media":25288,"comment_status":"closed","ping_status":"closed","template":"","format":"standard","meta":{"_acf_changed":false,"advanced_seo_description":"\u00c0 vendre : Appartement d'angle au rez-de-chauss\u00e9e, situ\u00e9 dans le complexe de luxe bien entretenu \"Bah\u00eda de Los Menceyes\". ImmoSaraTenerife.Com","jetpack_seo_html_title":"","jetpack_seo_noindex":false},"property-category":[1640,1851],"property_tag":[],"property-complex":[1705],"property-municipalities":[1819,1845],"class_list":["post-25272","property","type-property","status-publish","format-standard","has-post-thumbnail","hentry","property-category-appartement-fr","property-category-rez-de-chaussee","property-complex-bahia-de-los-menceyes-fr","property-municipalities-arona","property-municipalities-palm-mar"],"acf":[],"jetpack_likes_enabled":false,"jetpack_sharing_enabled":false,"_links":{"self":[{"href":"https:\/\/immosaratenerife.com\/fr\/wp-json\/wp\/v2\/property\/25272","targetHints":{"allow":["GET"]}}],"collection":[{"href":"https:\/\/immosaratenerife.com\/fr\/wp-json\/wp\/v2\/property"}],"about":[{"href":"https:\/\/immosaratenerife.com\/fr\/wp-json\/wp\/v2\/types\/property"}],"author":[{"embeddable":true,"href":"https:\/\/immosaratenerife.com\/fr\/wp-json\/wp\/v2\/users\/47309588"}],"replies":[{"embeddable":true,"href":"https:\/\/immosaratenerife.com\/fr\/wp-json\/wp\/v2\/comments?post=25272"}],"version-history":[{"count":0,"href":"https:\/\/immosaratenerife.com\/fr\/wp-json\/wp\/v2\/property\/25272\/revisions"}],"wp:featuredmedia":[{"embeddable":true,"href":"https:\/\/immosaratenerife.com\/fr\/wp-json\/wp\/v2\/media\/25288"}],"wp:attachment":[{"href":"https:\/\/immosaratenerife.com\/fr\/wp-json\/wp\/v2\/media?parent=25272"}],"wp:term":[{"taxonomy":"property-category","embeddable":true,"href":"https:\/\/immosaratenerife.com\/fr\/wp-json\/wp\/v2\/property-category?post=25272"},{"taxonomy":"property_tag","embeddable":true,"href":"https:\/\/immosaratenerife.com\/fr\/wp-json\/wp\/v2\/property_tag?post=25272"},{"taxonomy":"property-complex","embeddable":true,"href":"https:\/\/immosaratenerife.com\/fr\/wp-json\/wp\/v2\/property-complex?post=25272"},{"taxonomy":"property-municipalities","embeddable":true,"href":"https:\/\/immosaratenerife.com\/fr\/wp-json\/wp\/v2\/property-municipalities?post=25272"}],"curies":[{"name":"wp","href":"https:\/\/api.w.org\/{rel}","templated":true}]}}

Bahía de Los Menceyes | TA22077

<div class="pdfprnt-buttons pdfprnt-buttons-property pdfprnt-top-right"><a href="https://immosaratenerife.com/fr/wp-json/wp/v2/property/25272?print=pdf" class="pdfprnt-button pdfprnt-button-pdf" target="_blank"></a><a href="https://immosaratenerife.com/fr/wp-json/wp/v2/property/25272?print=print" class="pdfprnt-button pdfprnt-button-print" target="_blank"><img decoding="async" src="https://immosaratenerife.com/wp-content/plugins/pdf-print-pro/images/print.png?1374794034" alt="image_print" title="Contenu imprimé" /></a></div>
<p>Appartement d&rsquo;angle au rez-de-chaussée. <br>Cet appartement a +/- 103m2 d&rsquo;espace intérieur. <br>Il y a 2 chambres à coucher, 2 salles de bains en-suite et une toilette pour les invités. <br>Il y a une salle de bain avec baignoire et douche et une salle de bain avec seulement une douche. <br>Il y a une cuisine ouverte avec accès direct à la terrasse. <br>Les chambres ont des armoires encastrées. <br>Et depuis chaque chambre et depuis le salon il y a un accès direct à la terrasse. <br>L&rsquo;espace extérieur est de +/- 63m2 et il y a une vue sur le jardin et aussi un peu sur la mer. <br>Il y a du soleil de midi à tard le soir. <br>L&rsquo;appartement est situé dans un complexe de luxe bien entretenu, avec de beaux jardins et deux piscines, dont une chauffée. <br>L&rsquo;appartement est vendu meublé. <br>Et avec une place de garage et un débarras dans le garage fermé du complexe. <br>Le complexe est situé dans l&rsquo;agréable village de Palm Mar, à quelques pas de la mer, des commerces, <br>du coiffeur, de la pharmacie, des restaurants, des bars, etc.</p>

À vendre : Appartement d'angle au rez-de-chaussée, situé dans le complexe de luxe bien entretenu "Bahía de Los Menceyes". ImmoSaraTenerife.Com
