{"id":24514,"date":"2021-09-06T13:34:47","date_gmt":"2021-09-06T12:34:47","guid":{"rendered":"https:\/\/immosaratenerife.com\/?post_type=property&#038;p=24514"},"modified":"2022-06-16T18:17:14","modified_gmt":"2022-06-16T17:17:14","slug":"maison-independante-tijoco-bajo-sv44072","status":"publish","type":"property","link":"https:\/\/immosaratenerife.com\/fr\/property\/maison-independante-tijoco-bajo-sv44072\/","title":{"rendered":"Maison, Tijoco Bajo | SV44072"},"content":{"rendered":"<div class=\"pdfprnt-buttons pdfprnt-buttons-property pdfprnt-top-right\"><a href=\"https:\/\/immosaratenerife.com\/fr\/wp-json\/wp\/v2\/property\/24514?print=pdf\" class=\"pdfprnt-button pdfprnt-button-pdf\" target=\"_blank\"><\/a><a href=\"https:\/\/immosaratenerife.com\/fr\/wp-json\/wp\/v2\/property\/24514?print=print\" class=\"pdfprnt-button pdfprnt-button-print\" target=\"_blank\"><img decoding=\"async\" src=\"https:\/\/immosaratenerife.com\/wp-content\/plugins\/pdf-print-pro\/images\/print.png?1374794034\" alt=\"image_print\" title=\"Contenu imprim\u00e9\" \/><\/a><\/div>\n<p>Maison ind\u00e9pendante avec 4 chambres \u00e0 coucher et 4 salles de bains. <br>La maison a 3 \u00e9tages. Le rez-de-chauss\u00e9e se compose du salon avec un coin repas et d\u2019une grande cuisine ouverte et enti\u00e8rement \u00e9quip\u00e9e. La chambre principale est \u00e9galement au rez-de-chauss\u00e9e et dispose d\u2019une salle de bain attenante avec douche \u00e0 l\u2019italienne, et il y a une deuxi\u00e8me chambre plus petite et une petite salle de bain ind\u00e9pendante avec WC et douche \u00e9galement au m\u00eame niveau. <br>De la plus petite chambre et du salon et de la cuisine, il y a un acc\u00e8s \u00e0 la terrasse et au jardin. <br>Dans le jardin il y a un d\u00e9barras et un jacuzzi pourrait y \u00eatre plac\u00e9. <br>Depuis le jardin, vous pouvez \u00e9galement acc\u00e9der \u00e0 la pi\u00e8ce suppl\u00e9mentaire qui \u00e9tait auparavant l\u2019espace de garage (de +\/- 36m2). Cela peut \u00eatre reconverti en garage, ou am\u00e9nag\u00e9 en salle de fitness, ou en studio suppl\u00e9mentaire, il y a d\u00e9j\u00e0 une salle de bain avec douche et buanderie. <br>A l\u2019\u00e9tage sup\u00e9rieur il y a un \u00ab loft \u00bb, avec salon, cuisine ouverte, salle de bain avec douche et coin nuit. <br>Il y a aussi une immense terrasse (+\/-70m2) avec une belle vue mer panoramique. <br>La surface totale au sol est d\u2019environ 456 m2. Et la surface b\u00e2tie totale est d\u2019environ 195 m2. <br>La maison est vendue semi-meubl\u00e9e. <br>La maison est situ\u00e9e dans un quartier calme \u00ab Tijoco Bajo \u00bb, \u00e0 5 minutes en voiture de Playa San Juan, et \u00e0 environ 8 km de Costa Adeje.<\/p>\n","protected":false},"author":47309588,"featured_media":24527,"comment_status":"closed","ping_status":"closed","template":"","format":"standard","meta":{"_acf_changed":false,"advanced_seo_description":"A vendre : Maison individuelle avec 4 chambres \u00e0 coucher et 4 salles de bains. Situ\u00e9 dans un quartier calme \"Tijoco Bajo\", Adeje. ImmoSaraTenerife.Com ","jetpack_seo_html_title":"","jetpack_seo_noindex":false},"property-category":[1622],"property_tag":[],"property-complex":[],"property-municipalities":[1818,1841],"class_list":["post-24514","property","type-property","status-publish","format-standard","has-post-thumbnail","hentry","property-category-villa-fr","property-municipalities-adeje","property-municipalities-tijoco-bajo"],"acf":[],"jetpack_likes_enabled":true,"jetpack_sharing_enabled":false,"_links":{"self":[{"href":"https:\/\/immosaratenerife.com\/fr\/wp-json\/wp\/v2\/property\/24514","targetHints":{"allow":["GET"]}}],"collection":[{"href":"https:\/\/immosaratenerife.com\/fr\/wp-json\/wp\/v2\/property"}],"about":[{"href":"https:\/\/immosaratenerife.com\/fr\/wp-json\/wp\/v2\/types\/property"}],"author":[{"embeddable":true,"href":"https:\/\/immosaratenerife.com\/fr\/wp-json\/wp\/v2\/users\/47309588"}],"replies":[{"embeddable":true,"href":"https:\/\/immosaratenerife.com\/fr\/wp-json\/wp\/v2\/comments?post=24514"}],"version-history":[{"count":0,"href":"https:\/\/immosaratenerife.com\/fr\/wp-json\/wp\/v2\/property\/24514\/revisions"}],"wp:featuredmedia":[{"embeddable":true,"href":"https:\/\/immosaratenerife.com\/fr\/wp-json\/wp\/v2\/media\/24527"}],"wp:attachment":[{"href":"https:\/\/immosaratenerife.com\/fr\/wp-json\/wp\/v2\/media?parent=24514"}],"wp:term":[{"taxonomy":"property-category","embeddable":true,"href":"https:\/\/immosaratenerife.com\/fr\/wp-json\/wp\/v2\/property-category?post=24514"},{"taxonomy":"property_tag","embeddable":true,"href":"https:\/\/immosaratenerife.com\/fr\/wp-json\/wp\/v2\/property_tag?post=24514"},{"taxonomy":"property-complex","embeddable":true,"href":"https:\/\/immosaratenerife.com\/fr\/wp-json\/wp\/v2\/property-complex?post=24514"},{"taxonomy":"property-municipalities","embeddable":true,"href":"https:\/\/immosaratenerife.com\/fr\/wp-json\/wp\/v2\/property-municipalities?post=24514"}],"curies":[{"name":"wp","href":"https:\/\/api.w.org\/{rel}","templated":true}]}}

<div class="pdfprnt-buttons pdfprnt-buttons-property pdfprnt-top-right"><a href="https://immosaratenerife.com/fr/wp-json/wp/v2/property/24514?print=pdf" class="pdfprnt-button pdfprnt-button-pdf" target="_blank"></a><a href="https://immosaratenerife.com/fr/wp-json/wp/v2/property/24514?print=print" class="pdfprnt-button pdfprnt-button-print" target="_blank"><img decoding="async" src="https://immosaratenerife.com/wp-content/plugins/pdf-print-pro/images/print.png?1374794034" alt="image_print" title="Contenu imprimé" /></a></div>
<p>Maison indépendante avec 4 chambres à coucher et 4 salles de bains. <br>La maison a 3 étages. Le rez-de-chaussée se compose du salon avec un coin repas et d’une grande cuisine ouverte et entièrement équipée. La chambre principale est également au rez-de-chaussée et dispose d’une salle de bain attenante avec douche à l’italienne, et il y a une deuxième chambre plus petite et une petite salle de bain indépendante avec WC et douche également au même niveau. <br>De la plus petite chambre et du salon et de la cuisine, il y a un accès à la terrasse et au jardin. <br>Dans le jardin il y a un débarras et un jacuzzi pourrait y être placé. <br>Depuis le jardin, vous pouvez également accéder à la pièce supplémentaire qui était auparavant l’espace de garage (de +/- 36m2). Cela peut être reconverti en garage, ou aménagé en salle de fitness, ou en studio supplémentaire, il y a déjà une salle de bain avec douche et buanderie. <br>A l’étage supérieur il y a un « loft », avec salon, cuisine ouverte, salle de bain avec douche et coin nuit. <br>Il y a aussi une immense terrasse (+/-70m2) avec une belle vue mer panoramique. <br>La surface totale au sol est d’environ 456 m2. Et la surface bâtie totale est d’environ 195 m2. <br>La maison est vendue semi-meublée. <br>La maison est située dans un quartier calme « Tijoco Bajo », à 5 minutes en voiture de Playa San Juan, et à environ 8 km de Costa Adeje.</p>

A vendre : Maison individuelle avec 4 chambres à coucher et 4 salles de bains. Situé dans un quartier calme "Tijoco Bajo", Adeje. ImmoSaraTenerife.Com
