{"id":14598,"date":"2021-07-09T19:07:13","date_gmt":"2021-07-09T18:07:13","guid":{"rendered":"https:\/\/immosaratenerife.com\/property\/santa-maria-ss01067\/"},"modified":"2022-07-07T16:05:24","modified_gmt":"2022-07-07T15:05:24","slug":"santa-maria-ss01067","status":"publish","type":"property","link":"https:\/\/immosaratenerife.com\/fr\/property\/santa-maria-ss01067\/","title":{"rendered":"Santa Mar\u00eda | SS01067"},"content":{"rendered":"<div class=\"pdfprnt-buttons pdfprnt-buttons-property pdfprnt-top-right\"><a href=\"https:\/\/immosaratenerife.com\/fr\/wp-json\/wp\/v2\/property\/14598?print=pdf\" class=\"pdfprnt-button pdfprnt-button-pdf\" target=\"_blank\"><\/a><a href=\"https:\/\/immosaratenerife.com\/fr\/wp-json\/wp\/v2\/property\/14598?print=print\" class=\"pdfprnt-button pdfprnt-button-print\" target=\"_blank\"><img decoding=\"async\" src=\"https:\/\/immosaratenerife.com\/wp-content\/plugins\/pdf-print-pro\/images\/print.png?1374794034\" alt=\"image_print\" title=\"Contenu imprim\u00e9\" \/><\/a><\/div>\n<p>Grand studio avec vue sur la piscine.<br>Il y a une pi\u00e8ce s\u00e9par\u00e9e pour dormir.<br>Et il y a un coin salon, avec coin repas et avec cuisine ouverte.<br>La salle de bain est spacieuse et dispose d&rsquo;un lave-linge et d&rsquo;une douche.<br>Ce studio est situ\u00e9 dans un complexe touristique.<br>Le complexe dispose d&rsquo;une r\u00e9ception, d&rsquo;ascenseurs, d&rsquo;une piscine chauff\u00e9e <br>et un bar-restaurant au bord de la piscine.<br>Le complexe est situ\u00e9 \u00e0 San Eugenio Bajo, \u00e0 quelques pas de la mer, du port de Puerto Colon <br>et de la promenade pi\u00e9tonne, de la plage, des restaurants, des bars et des boutiques.<\/p>\n","protected":false},"author":47309588,"featured_media":14594,"comment_status":"closed","ping_status":"closed","template":"","format":"standard","meta":{"_acf_changed":false,"advanced_seo_description":"A Vendre : Grand studio avec vue sur la piscine. Situ\u00e9 dans le complexe touristique \"Santa Mar\u00eda\", pr\u00e8s du port de Puerto Colon \u00e0 Costa Adeje. ImmoSaratenerife.Com","jetpack_seo_html_title":"","jetpack_seo_noindex":false},"property-category":[1652],"property_tag":[],"property-complex":[1791],"property-municipalities":[1818,1823],"class_list":["post-14598","property","type-property","status-publish","format-standard","has-post-thumbnail","hentry","property-category-studio-fr","property-complex-santa-maria-fr","property-municipalities-adeje","property-municipalities-san-eugenio-bajo"],"acf":[],"jetpack_likes_enabled":false,"jetpack_sharing_enabled":false,"_links":{"self":[{"href":"https:\/\/immosaratenerife.com\/fr\/wp-json\/wp\/v2\/property\/14598","targetHints":{"allow":["GET"]}}],"collection":[{"href":"https:\/\/immosaratenerife.com\/fr\/wp-json\/wp\/v2\/property"}],"about":[{"href":"https:\/\/immosaratenerife.com\/fr\/wp-json\/wp\/v2\/types\/property"}],"author":[{"embeddable":true,"href":"https:\/\/immosaratenerife.com\/fr\/wp-json\/wp\/v2\/users\/47309588"}],"replies":[{"embeddable":true,"href":"https:\/\/immosaratenerife.com\/fr\/wp-json\/wp\/v2\/comments?post=14598"}],"version-history":[{"count":0,"href":"https:\/\/immosaratenerife.com\/fr\/wp-json\/wp\/v2\/property\/14598\/revisions"}],"wp:featuredmedia":[{"embeddable":true,"href":"https:\/\/immosaratenerife.com\/fr\/wp-json\/wp\/v2\/media\/14594"}],"wp:attachment":[{"href":"https:\/\/immosaratenerife.com\/fr\/wp-json\/wp\/v2\/media?parent=14598"}],"wp:term":[{"taxonomy":"property-category","embeddable":true,"href":"https:\/\/immosaratenerife.com\/fr\/wp-json\/wp\/v2\/property-category?post=14598"},{"taxonomy":"property_tag","embeddable":true,"href":"https:\/\/immosaratenerife.com\/fr\/wp-json\/wp\/v2\/property_tag?post=14598"},{"taxonomy":"property-complex","embeddable":true,"href":"https:\/\/immosaratenerife.com\/fr\/wp-json\/wp\/v2\/property-complex?post=14598"},{"taxonomy":"property-municipalities","embeddable":true,"href":"https:\/\/immosaratenerife.com\/fr\/wp-json\/wp\/v2\/property-municipalities?post=14598"}],"curies":[{"name":"wp","href":"https:\/\/api.w.org\/{rel}","templated":true}]}}

Santa María | SS01067

<div class="pdfprnt-buttons pdfprnt-buttons-property pdfprnt-top-right"><a href="https://immosaratenerife.com/fr/wp-json/wp/v2/property/14598?print=pdf" class="pdfprnt-button pdfprnt-button-pdf" target="_blank"></a><a href="https://immosaratenerife.com/fr/wp-json/wp/v2/property/14598?print=print" class="pdfprnt-button pdfprnt-button-print" target="_blank"><img decoding="async" src="https://immosaratenerife.com/wp-content/plugins/pdf-print-pro/images/print.png?1374794034" alt="image_print" title="Contenu imprimé" /></a></div>
<p>Grand studio avec vue sur la piscine.<br>Il y a une pièce séparée pour dormir.<br>Et il y a un coin salon, avec coin repas et avec cuisine ouverte.<br>La salle de bain est spacieuse et dispose d&rsquo;un lave-linge et d&rsquo;une douche.<br>Ce studio est situé dans un complexe touristique.<br>Le complexe dispose d&rsquo;une réception, d&rsquo;ascenseurs, d&rsquo;une piscine chauffée <br>et un bar-restaurant au bord de la piscine.<br>Le complexe est situé à San Eugenio Bajo, à quelques pas de la mer, du port de Puerto Colon <br>et de la promenade piétonne, de la plage, des restaurants, des bars et des boutiques.</p>

A Vendre : Grand studio avec vue sur la piscine. Situé dans le complexe touristique "Santa María", près du port de Puerto Colon à Costa Adeje. ImmoSaratenerife.Com
