{"id":26681,"date":"2022-03-15T09:42:21","date_gmt":"2022-03-15T09:42:21","guid":{"rendered":"https:\/\/immosaratenerife.com\/property\/el-drago-ta11093\/"},"modified":"2022-06-16T10:56:09","modified_gmt":"2022-06-16T09:56:09","slug":"el-drago-ta11093","status":"publish","type":"property","link":"https:\/\/immosaratenerife.com\/es\/property\/el-drago-ta11093\/","title":{"rendered":"El Drago | TA11093"},"content":{"rendered":"<div class=\"pdfprnt-buttons pdfprnt-buttons-property pdfprnt-top-right\"><a href=\"https:\/\/immosaratenerife.com\/es\/wp-json\/wp\/v2\/property\/26681?print=pdf\" class=\"pdfprnt-button pdfprnt-button-pdf\" target=\"_blank\"><\/a><a href=\"https:\/\/immosaratenerife.com\/es\/wp-json\/wp\/v2\/property\/26681?print=print\" class=\"pdfprnt-button pdfprnt-button-print\" target=\"_blank\"><img decoding=\"async\" src=\"https:\/\/immosaratenerife.com\/wp-content\/plugins\/pdf-print-pro\/images\/print.png?1374794034\" alt=\"image_print\" title=\"Imprimir contenido\" \/><\/a><\/div>\n<p>Piso de 1 dormitorio y 1 ba\u00f1o. El apartamento esta ubicado en planta baja.<br>Hay una terraza cerrada que se utiliza como sala de estar.<br>Este tambi\u00e9n se puede utilizar como un segundo dormitorio.<br>El ba\u00f1o ha sido completamente renovado y tiene una ducha.<br>Hay una cocina abierta, tambi\u00e9n completamente nueva y con un amplio comedor.<br>Este apartamento est\u00e1 ubicado en un peque\u00f1o complejo con piscina comunitaria.<br>El complejo dispone de parking exterior comunitario.<br>El complejo se encuentra a poca distancia del paseo peatonal, el mar, tiendas, restaurantes <br>y del mercado local de pescado, ubicado en el pueblito de Las Galletas.<br><br><\/p>\n","protected":false},"author":47309588,"featured_media":26669,"comment_status":"closed","ping_status":"closed","template":"","format":"standard","meta":{"_acf_changed":false,"advanced_seo_description":"Se Vende: Apartamento de 1 dormitorio y ba\u00f1o, en la planta baja de un peque\u00f1o complejo, ubicado en Costa del Silencio. ImmoSaraTenerife.Com","jetpack_seo_html_title":"","jetpack_seo_noindex":false},"property-category":[1641,1852],"property_tag":[],"property-complex":[1939],"property-municipalities":[1819,1847],"class_list":["post-26681","property","type-property","status-publish","format-standard","has-post-thumbnail","hentry","property-category-apartamento","property-category-planta-baja","property-complex-el-drago-es-2","property-municipalities-arona","property-municipalities-costa-del-silencio"],"acf":[],"jetpack_likes_enabled":false,"jetpack_sharing_enabled":false,"_links":{"self":[{"href":"https:\/\/immosaratenerife.com\/es\/wp-json\/wp\/v2\/property\/26681","targetHints":{"allow":["GET"]}}],"collection":[{"href":"https:\/\/immosaratenerife.com\/es\/wp-json\/wp\/v2\/property"}],"about":[{"href":"https:\/\/immosaratenerife.com\/es\/wp-json\/wp\/v2\/types\/property"}],"author":[{"embeddable":true,"href":"https:\/\/immosaratenerife.com\/es\/wp-json\/wp\/v2\/users\/47309588"}],"replies":[{"embeddable":true,"href":"https:\/\/immosaratenerife.com\/es\/wp-json\/wp\/v2\/comments?post=26681"}],"version-history":[{"count":0,"href":"https:\/\/immosaratenerife.com\/es\/wp-json\/wp\/v2\/property\/26681\/revisions"}],"wp:featuredmedia":[{"embeddable":true,"href":"https:\/\/immosaratenerife.com\/es\/wp-json\/wp\/v2\/media\/26669"}],"wp:attachment":[{"href":"https:\/\/immosaratenerife.com\/es\/wp-json\/wp\/v2\/media?parent=26681"}],"wp:term":[{"taxonomy":"property-category","embeddable":true,"href":"https:\/\/immosaratenerife.com\/es\/wp-json\/wp\/v2\/property-category?post=26681"},{"taxonomy":"property_tag","embeddable":true,"href":"https:\/\/immosaratenerife.com\/es\/wp-json\/wp\/v2\/property_tag?post=26681"},{"taxonomy":"property-complex","embeddable":true,"href":"https:\/\/immosaratenerife.com\/es\/wp-json\/wp\/v2\/property-complex?post=26681"},{"taxonomy":"property-municipalities","embeddable":true,"href":"https:\/\/immosaratenerife.com\/es\/wp-json\/wp\/v2\/property-municipalities?post=26681"}],"curies":[{"name":"wp","href":"https:\/\/api.w.org\/{rel}","templated":true}]}}

<div class="pdfprnt-buttons pdfprnt-buttons-property pdfprnt-top-right"><a href="https://immosaratenerife.com/es/wp-json/wp/v2/property/26681?print=pdf" class="pdfprnt-button pdfprnt-button-pdf" target="_blank"></a><a href="https://immosaratenerife.com/es/wp-json/wp/v2/property/26681?print=print" class="pdfprnt-button pdfprnt-button-print" target="_blank"><img decoding="async" src="https://immosaratenerife.com/wp-content/plugins/pdf-print-pro/images/print.png?1374794034" alt="image_print" title="Imprimir contenido" /></a></div>
<p>Piso de 1 dormitorio y 1 baño. El apartamento esta ubicado en planta baja.<br>Hay una terraza cerrada que se utiliza como sala de estar.<br>Este también se puede utilizar como un segundo dormitorio.<br>El baño ha sido completamente renovado y tiene una ducha.<br>Hay una cocina abierta, también completamente nueva y con un amplio comedor.<br>Este apartamento está ubicado en un pequeño complejo con piscina comunitaria.<br>El complejo dispone de parking exterior comunitario.<br>El complejo se encuentra a poca distancia del paseo peatonal, el mar, tiendas, restaurantes <br>y del mercado local de pescado, ubicado en el pueblito de Las Galletas.<br><br></p>

Se Vende: Apartamento de 1 dormitorio y baño, en la planta baja de un pequeño complejo, ubicado en Costa del Silencio. ImmoSaraTenerife.Com
