{"id":25277,"date":"2021-10-13T22:03:10","date_gmt":"2021-10-13T21:03:10","guid":{"rendered":"https:\/\/immosaratenerife.com\/?post_type=property&#038;p=25277"},"modified":"2022-06-16T11:00:30","modified_gmt":"2022-06-16T10:00:30","slug":"bahia-de-los-menceyes-ta22077","status":"publish","type":"property","link":"https:\/\/immosaratenerife.com\/es\/property\/bahia-de-los-menceyes-ta22077\/","title":{"rendered":"Bah\u00eda de Los Menceyes | TA22077"},"content":{"rendered":"<div class=\"pdfprnt-buttons pdfprnt-buttons-property pdfprnt-top-right\"><a href=\"https:\/\/immosaratenerife.com\/es\/wp-json\/wp\/v2\/property\/25277?print=pdf\" class=\"pdfprnt-button pdfprnt-button-pdf\" target=\"_blank\"><\/a><a href=\"https:\/\/immosaratenerife.com\/es\/wp-json\/wp\/v2\/property\/25277?print=print\" class=\"pdfprnt-button pdfprnt-button-print\" target=\"_blank\"><img decoding=\"async\" src=\"https:\/\/immosaratenerife.com\/wp-content\/plugins\/pdf-print-pro\/images\/print.png?1374794034\" alt=\"image_print\" title=\"Imprimir contenido\" \/><\/a><\/div>\n<p>Apartamento esquinero en planta baja. <br>Este apartamento tiene +\/- 103m2 de espacio interior. <br>Hay 2 dormitorios, 2 ba\u00f1os en suite y un aseo para invitados. <br>Hay un ba\u00f1o con ba\u00f1era y ducha y un ba\u00f1o solo con ducha. <br>Hay una cocina abierta con acceso directo a la terraza. <br>Los dormitorios tienen armarios empotrados. <br>Y desde cada dormitorio y desde el sal\u00f3n hay acceso directo a la terraza. <br>El \u00e1rea exterior es de +\/- 63m2 y hay una vista del jard\u00edn y tambi\u00e9n un poco del mar. <br>Hay sol desde el mediod\u00eda hasta la noche. <br>El apartamento est\u00e1 ubicado en un complejo de lujo, bien cuidado, con bonitos jardines y dos piscinas, una est\u00e1 climatizada. <br>El piso se vende amueblado. <br>Y con plaza de garaje y trastero en el garaje cerrado del complejo. <br>El complejo est\u00e1 ubicado en el agradable pueblo de Palm Mar, a poca distancia del mar, tiendas, peluquer\u00eda, farmacia, restaurantes, bares, etc.<\/p>\n","protected":false},"author":47309588,"featured_media":25289,"comment_status":"closed","ping_status":"closed","template":"","format":"standard","meta":{"_acf_changed":false,"advanced_seo_description":"Se vende: Apartamento en esquina en la planta baja, ubicado en el bien cuidado complejo de lujo \"Bah\u00eda de Los Menceyes\". ImmoSaraTenerife.Com","jetpack_seo_html_title":"","jetpack_seo_noindex":false},"property-category":[1641,1852],"property_tag":[],"property-complex":[1706],"property-municipalities":[1819,1845],"class_list":["post-25277","property","type-property","status-publish","format-standard","has-post-thumbnail","hentry","property-category-apartamento","property-category-planta-baja","property-complex-bahia-de-los-menceyes-es","property-municipalities-arona","property-municipalities-palm-mar"],"acf":[],"jetpack_likes_enabled":false,"jetpack_sharing_enabled":false,"_links":{"self":[{"href":"https:\/\/immosaratenerife.com\/es\/wp-json\/wp\/v2\/property\/25277","targetHints":{"allow":["GET"]}}],"collection":[{"href":"https:\/\/immosaratenerife.com\/es\/wp-json\/wp\/v2\/property"}],"about":[{"href":"https:\/\/immosaratenerife.com\/es\/wp-json\/wp\/v2\/types\/property"}],"author":[{"embeddable":true,"href":"https:\/\/immosaratenerife.com\/es\/wp-json\/wp\/v2\/users\/47309588"}],"replies":[{"embeddable":true,"href":"https:\/\/immosaratenerife.com\/es\/wp-json\/wp\/v2\/comments?post=25277"}],"version-history":[{"count":0,"href":"https:\/\/immosaratenerife.com\/es\/wp-json\/wp\/v2\/property\/25277\/revisions"}],"wp:featuredmedia":[{"embeddable":true,"href":"https:\/\/immosaratenerife.com\/es\/wp-json\/wp\/v2\/media\/25289"}],"wp:attachment":[{"href":"https:\/\/immosaratenerife.com\/es\/wp-json\/wp\/v2\/media?parent=25277"}],"wp:term":[{"taxonomy":"property-category","embeddable":true,"href":"https:\/\/immosaratenerife.com\/es\/wp-json\/wp\/v2\/property-category?post=25277"},{"taxonomy":"property_tag","embeddable":true,"href":"https:\/\/immosaratenerife.com\/es\/wp-json\/wp\/v2\/property_tag?post=25277"},{"taxonomy":"property-complex","embeddable":true,"href":"https:\/\/immosaratenerife.com\/es\/wp-json\/wp\/v2\/property-complex?post=25277"},{"taxonomy":"property-municipalities","embeddable":true,"href":"https:\/\/immosaratenerife.com\/es\/wp-json\/wp\/v2\/property-municipalities?post=25277"}],"curies":[{"name":"wp","href":"https:\/\/api.w.org\/{rel}","templated":true}]}}

Bahía de Los Menceyes | TA22077

<div class="pdfprnt-buttons pdfprnt-buttons-property pdfprnt-top-right"><a href="https://immosaratenerife.com/es/wp-json/wp/v2/property/25277?print=pdf" class="pdfprnt-button pdfprnt-button-pdf" target="_blank"></a><a href="https://immosaratenerife.com/es/wp-json/wp/v2/property/25277?print=print" class="pdfprnt-button pdfprnt-button-print" target="_blank"><img decoding="async" src="https://immosaratenerife.com/wp-content/plugins/pdf-print-pro/images/print.png?1374794034" alt="image_print" title="Imprimir contenido" /></a></div>
<p>Apartamento esquinero en planta baja. <br>Este apartamento tiene +/- 103m2 de espacio interior. <br>Hay 2 dormitorios, 2 baños en suite y un aseo para invitados. <br>Hay un baño con bañera y ducha y un baño solo con ducha. <br>Hay una cocina abierta con acceso directo a la terraza. <br>Los dormitorios tienen armarios empotrados. <br>Y desde cada dormitorio y desde el salón hay acceso directo a la terraza. <br>El área exterior es de +/- 63m2 y hay una vista del jardín y también un poco del mar. <br>Hay sol desde el mediodía hasta la noche. <br>El apartamento está ubicado en un complejo de lujo, bien cuidado, con bonitos jardines y dos piscinas, una está climatizada. <br>El piso se vende amueblado. <br>Y con plaza de garaje y trastero en el garaje cerrado del complejo. <br>El complejo está ubicado en el agradable pueblo de Palm Mar, a poca distancia del mar, tiendas, peluquería, farmacia, restaurantes, bares, etc.</p>

Se vende: Apartamento en esquina en la planta baja, ubicado en el bien cuidado complejo de lujo "Bahía de Los Menceyes". ImmoSaraTenerife.Com
