{"id":12657,"date":"2021-05-06T22:27:48","date_gmt":"2021-05-06T21:27:48","guid":{"rendered":"https:\/\/immosaratenerife.com\/property\/bahia-de-los-menceyes-sa22049\/"},"modified":"2023-04-01T18:02:55","modified_gmt":"2023-04-01T17:02:55","slug":"bahia-de-los-menceyes-sa22049","status":"publish","type":"property","link":"https:\/\/immosaratenerife.com\/es\/property\/bahia-de-los-menceyes-sa22049\/","title":{"rendered":"Bah\u00eda de los Menceyes | SA22049"},"content":{"rendered":"<div class=\"pdfprnt-buttons pdfprnt-buttons-property pdfprnt-top-right\"><a href=\"https:\/\/immosaratenerife.com\/es\/wp-json\/wp\/v2\/property\/12657?print=pdf\" class=\"pdfprnt-button pdfprnt-button-pdf\" target=\"_blank\"><\/a><a href=\"https:\/\/immosaratenerife.com\/es\/wp-json\/wp\/v2\/property\/12657?print=print\" class=\"pdfprnt-button pdfprnt-button-print\" target=\"_blank\"><img decoding=\"async\" src=\"https:\/\/immosaratenerife.com\/wp-content\/plugins\/pdf-print-pro\/images\/print.png?1374794034\" alt=\"image_print\" title=\"Imprimir contenido\" \/><\/a><\/div>\n<p>Apartamento de esquina en planta baja, con una superficie interior de +\/- 100m2. <br>Y exterior +\/- 40m2.<br>Este apartamento tiene 2 dormitorios, cada uno con ba\u00f1o privado, uno con ba\u00f1era y el otro con ducha. <br>Hay una cocina abierta y un aseo adicional para los invitados. <br>Tanto el sal\u00f3n como los dormitorios dan al jard\u00edn con una terraza de +\/- 40m2, <br>hay sol desde la ma\u00f1ana y vista al mar y al parque natural. <br>El piso se vende amueblado y con garaje para dos coches. <br>Este apartamento est\u00e1 ubicado en el complejo de lujo \u00abBah\u00eda de los Menceyes\u00bb en Palm Mar. <br>El complejo cuenta con dos piscinas, una climatizada y hay jardines bonitos en el complejo. <br>El complejo est\u00e1 ubicado cerca del mar, el paseo maritimo, tiendas, restaurantes y bares.<\/p>\n","protected":false},"author":47309588,"featured_media":12712,"comment_status":"closed","ping_status":"closed","template":"","format":"standard","meta":{"_acf_changed":false,"advanced_seo_description":"En Venta: Apartamento de esquinera en planta baja, con 2 habitaciones. En el complejo de lujo Bah\u00eda de los Menceyes en Palm Mar. ImmoSaraTenerife.Com","jetpack_seo_html_title":"","jetpack_seo_noindex":false},"property-category":[1641,1852],"property_tag":[],"property-complex":[1706],"property-municipalities":[1819,1845],"class_list":["post-12657","property","type-property","status-publish","format-standard","has-post-thumbnail","hentry","property-category-apartamento","property-category-planta-baja","property-complex-bahia-de-los-menceyes-es","property-municipalities-arona","property-municipalities-palm-mar"],"acf":[],"jetpack_likes_enabled":false,"jetpack_sharing_enabled":false,"_links":{"self":[{"href":"https:\/\/immosaratenerife.com\/es\/wp-json\/wp\/v2\/property\/12657","targetHints":{"allow":["GET"]}}],"collection":[{"href":"https:\/\/immosaratenerife.com\/es\/wp-json\/wp\/v2\/property"}],"about":[{"href":"https:\/\/immosaratenerife.com\/es\/wp-json\/wp\/v2\/types\/property"}],"author":[{"embeddable":true,"href":"https:\/\/immosaratenerife.com\/es\/wp-json\/wp\/v2\/users\/47309588"}],"replies":[{"embeddable":true,"href":"https:\/\/immosaratenerife.com\/es\/wp-json\/wp\/v2\/comments?post=12657"}],"version-history":[{"count":0,"href":"https:\/\/immosaratenerife.com\/es\/wp-json\/wp\/v2\/property\/12657\/revisions"}],"wp:featuredmedia":[{"embeddable":true,"href":"https:\/\/immosaratenerife.com\/es\/wp-json\/wp\/v2\/media\/12712"}],"wp:attachment":[{"href":"https:\/\/immosaratenerife.com\/es\/wp-json\/wp\/v2\/media?parent=12657"}],"wp:term":[{"taxonomy":"property-category","embeddable":true,"href":"https:\/\/immosaratenerife.com\/es\/wp-json\/wp\/v2\/property-category?post=12657"},{"taxonomy":"property_tag","embeddable":true,"href":"https:\/\/immosaratenerife.com\/es\/wp-json\/wp\/v2\/property_tag?post=12657"},{"taxonomy":"property-complex","embeddable":true,"href":"https:\/\/immosaratenerife.com\/es\/wp-json\/wp\/v2\/property-complex?post=12657"},{"taxonomy":"property-municipalities","embeddable":true,"href":"https:\/\/immosaratenerife.com\/es\/wp-json\/wp\/v2\/property-municipalities?post=12657"}],"curies":[{"name":"wp","href":"https:\/\/api.w.org\/{rel}","templated":true}]}}

Bahía de los Menceyes | SA22049

<div class="pdfprnt-buttons pdfprnt-buttons-property pdfprnt-top-right"><a href="https://immosaratenerife.com/es/wp-json/wp/v2/property/12657?print=pdf" class="pdfprnt-button pdfprnt-button-pdf" target="_blank"></a><a href="https://immosaratenerife.com/es/wp-json/wp/v2/property/12657?print=print" class="pdfprnt-button pdfprnt-button-print" target="_blank"><img decoding="async" src="https://immosaratenerife.com/wp-content/plugins/pdf-print-pro/images/print.png?1374794034" alt="image_print" title="Imprimir contenido" /></a></div>
<p>Apartamento de esquina en planta baja, con una superficie interior de +/- 100m2. <br>Y exterior +/- 40m2.<br>Este apartamento tiene 2 dormitorios, cada uno con baño privado, uno con bañera y el otro con ducha. <br>Hay una cocina abierta y un aseo adicional para los invitados. <br>Tanto el salón como los dormitorios dan al jardín con una terraza de +/- 40m2, <br>hay sol desde la mañana y vista al mar y al parque natural. <br>El piso se vende amueblado y con garaje para dos coches. <br>Este apartamento está ubicado en el complejo de lujo «Bahía de los Menceyes» en Palm Mar. <br>El complejo cuenta con dos piscinas, una climatizada y hay jardines bonitos en el complejo. <br>El complejo está ubicado cerca del mar, el paseo maritimo, tiendas, restaurantes y bares.</p>

En Venta: Apartamento de esquinera en planta baja, con 2 habitaciones. En el complejo de lujo Bahía de los Menceyes en Palm Mar. ImmoSaraTenerife.Com
